474 is divided by 226.
22
Calculate the remainder when 226 is divided by 26.
18
What is the remainder when 3978 is divided by 794?
8
What is the remainder when 771 is divided by 99?
78
Calculate the remainder when 1126 is divided by 4.
2
Calculate the remainder when 10160 is divided by 13.
7
Calculate the remainder when 73 is divided by 15.
13
Calculate the remainder when 3 is divided by 1.
0
What is the remainder when 807 is divided by 45?
42
Calculate the remainder when 352 is divided by 119.
114
Calculate the remainder when 4857 is divided by 54.
51
What is the remainder when 36 is divided by 27?
9
Calculate the remainder when 6805 is divided by 8.
5
What is the remainder when 2054 is divided by 142?
66
Calculate the remainder when 5235 is divided by 11.
10
What is the remainder when 1232 is divided by 188?
104
Calculate the remainder when 1071 is divided by 310.
141
Calculate the remainder when 189 is divided by 16.
13
Calculate the remainder when 436 is divided by 2.
0
Calculate the remainder when 433 is divided by 62.
61
Calculate the remainder when 439 is divided by 22.
21
What is the remainder when 720 is divided by 73?
63
Calculate the remainder when 294 is divided by 276.
18
What is the remainder when 248 is divided by 120?
8
Calculate the remainder when 16059 is divided by 73.
72
What is the remainder when 863 is divided by 54?
53
Calculate the remainder when 78 is divided by 44.
34
What is the remainder when 28 is divided by 15?
13
What is the remainder when 391 is divided by 49?
48
What is the remainder when 558 is divided by 14?
12
What is the remainder when 210 is divided by 16?
2
What is the remainder when 483 is divided by 35?
28
Calculate the remainder when 2033 is divided by 4.
1
Calculate the remainder when 1582 is divided by 1580.
2
What is the remainder when 296 is divided by 75?
71
Calculate the remainder when 128 is divided by 12.
8
What is the remainder when 1139 is divided by 207?
104
What is the remainder when 81 is divided by 6?
3
What is the remainder when 522 is divided by 52?
2
What is the remainder when 257 is divided by 93?
71
What is the remainder when 1172 is divided by 168?
164
What is the remainder when 5198 is divided by 102?
98
Calculate the remainder when 1482 is divided by 253.
217
Calculate the remainder when 190 is divided by 14.
8
Calculate the remainder when 243 is divided by 62.
57
Calculate the remainder when 441 is divided by 144.
9
Calculate the remainder when 4204 is divided by 47.
21
Calculate the remainder when 1133 is divided by 287.
272
What is the remainder when 1881 is divided by 41?
36
What is the remainder when 824 is divided by 345?
134
What is the remainder when 84 is divided by 43?
41
What is the remainder when 15 is divided by 14?
1
What is the remainder when 681 is divided by 13?
5
What is the remainder when 129 is divided by 33?
30
Calculate the remainder when 221 is divided by 105.
11
What is the remainder when 27 is divided by 2?
1
Calculate the remainder when 195 is divided by 3.
0
What is the remainder when 1274 is divided by 631?
12
What is the remainder when 655 is divided by 78?
31
What is the remainder when 108 is divided by 16?
12
Calculate the remainder when 3059 is divided by 10.
9
Calculate the remainder when 470 is divided by 91.
15
Calculate the remainder when 1714 is divided by 22.
20
Calculate the remainder when 222 is divided by 91.
40
Calculate the remainder when 113 is divided by 17.
11
Calculate the remainder when 3340 is divided by 223.
218
Calculate the remainder when 357 is divided by 61.
52
What is the remainder when 176 is divided by 50?
26
What is the remainder when 53 is divided by 24?
5
What is the remainder when 2122 is divided by 76?
70
Calculate the remainder when 1171 is divided by 47.
43
Calculate the remainder when 106 is divided by 54.
52
Calculate the remainder when 810 is divided by 397.
16
What is the remainder when 84 is divided by 44?
40
What is the remainder when 666 is divided by 218?
12
Calculate the remainder when 73 is divided by 19.
16
Calculate the remainder when 276 is divided by 135.
6
Calculate the remainder when 297 is divided by 294.
3
What is the remainder when 355 is divided by 49?
12
Calculate the remainder when 1888 is divided by 146.
136
What is the remainder when 87 is divided by 32?
23
What is the remainder when 1383 is divided by 171?
15
Calculate the remainder when 142 is divided by 60.
22
What is the remainder when 780 is divided by 113?
102
What is the remainder when 133 is divided by 9?
7
What is the remainder when 41 is divided by 37?
4
Calculate the remainder when 817 is divided by 252.
61
Calculate the remainder when 17 is divided by 7.
3
Calculate the remainder when 76 is divided by 29.
18
Calculate the remainder when 1770 is divided by 3.
0
Calculate the remainder when 200 is divided by 72.
56
What is the remainder when 1268 is divided by 313?
16
Calculate the remainder when 196 is divided by 65.
1
What is the remainder when 21897 is divided by 146?
143
Calculate the remainder when 42 is divided by 36.
6
What is the remainder when 21852 is divided by 14?
12
What is the remainder when 46 is divided by 6?
4
What is the remainder when 48542 is divided by 261?
257
What is the remainder when 285 is divided by 11?
10
Calculate the remainder when 353 is divided by 5.
3
Calculate the remainder when 357 is divided by 20.
17
What is the remainder when 41 is divided by 25?
16
What is the remainder when 1008 is divided by 22?
18
Calculate the remainder when 323 is divided by 37.
27
Calculate the remainder when 988 is divided by 140.
8
Calculate the remainder when 747 is divided by 50.
47
What is the remainder when 578 is divided by 37?
23
Calculate the remainder when 631 is divided by 173.
112
What is the remainder when 195 is divided by 60?
15
What is the remainder when 571 is divided by 258?
55
Calculate the remainder when 382 is divided by 24.
22
What is the remainder when 209 is divided by 73?
63
What is the remainder when 507 is divided by 32?
27
Calculate the remainder when 1815 is divided by 79.
77
Calculate the remainder when 11121 is divided by 134.
133
What is the remainder when 584 is divided by 65?
64
What is the remainder when 1369 is divided by 162?
73
What is the remainder when 1918 is divided by 23?
9
Calculate the remainder when 84 is divided by 25.
9
Calculate the remainder when 2085 is divided by 24.
21
What is the remainder when 3760 is divided by 223?
192
What is the remainder when 217 is divided by 197?
20
Calculate the remainder when 1735 is divided by 114.
25
What is the remainder when 1356 is divided by 150?
6
What is the remainder when 357 is divided by 40?
37
What is the remainder when 104 is divided by 59?
45
Calculate the remainder when 585 is divided by 89.
51
What is the remainder when 896 is divided by 82?
76
Calculate the remainder when 458 is divided by 10.
8
What is the remainder when 204 is divided by 54?
42
Calculate the remainder when 42 is divided by 15.
12
Calculate the remainder when 122 is divided by 17.
3
What is the remainder when 493 is divided by 19?
18
Calculate the remainder when 1283 is divided by 33.
29
What is the remainder when 516 is divided by 18?
12
Calculate the remainder when 453 is divided by 219.
15
Calculate the remainder when 387 is divided by 39.
36
What is the remainder when 550 is divided by 46?
44
What is the remainder when 183 is divided by 125?
58
What is the remainder when 4181 is divided by 46?
41
Calculate the remainder when 239 is divided by 2.
1
What is the remainder when 13949 is divided by 93?
92
What is the remainder when 1330 is divided by 31?
28
What is the remainder when 264 is divided by 20?
4
What is the remainder when 226 is divided by 60?
46
Calculate the remainder when 3630 is divided by 279.
3
What is the remainder when 190 is divided by 32?
30
Calculate the remainder when 405 is divided by 78.
15
What is the remainder when 3032 is divided by 82?
80
What is the remainder when 134 is divided by 20?
14
What is the remainder when 229 is divided by 20?
9
Calculate the remainder when 79 is divided by 28.
23
Calculate the remainder when 103 is divided by 21.
19
Calculate the remainder when 18 is divided by 2.
0
Calculate the remainder when 27 